*y + 59 = 3*s. What is the tens digit of s?
1
Let z = 72 + -24. What is the units digit of z?
8
Suppose 57 = g + g + y, 3*g - y - 93 = 0. What is the units digit of g?
0
Let t(f) = -f**3 - 4*f**2 + 2*f + 6. Let b be t(-4). Let n be (-4)/(-2)*b/(-2). Let k = n - -1. What is the units digit of k?
3
Suppose 4*m - 73 = -4*h + 75, -5*m - 166 = -4*h. What is the tens digit of h?
3
Suppose 9 = 2*g - 13. What is the tens digit of g?
1
Let x(q) = q**2 - q**2 + q**2 - 1 - 2*q**3 - q. What is the units digit of x(-1)?
3
Let i be -1 + 5 + (1 - 8). What is the tens digit of 790/30 - 2/i?
2
Suppose 3*l = -0*l - 12, 4*l = 5*h - 61. Suppose 72 = h*k - 5*k. What is the tens digit of k?
1
Let u be 2/(-2) + (-2 - -7). Suppose h = u*j + 19, 3*j + 65 = 4*h - 2*j. What is the units digit of h?
5
Let a be (3 + -3)*(-2)/4. Suppose 2*b = -b + 9. Suppose b*h - 48 = 2*r + r, h - 2*r - 19 = a. What is the tens digit of h?
1
Let y(l) = l**2 + 6*l + 5. What is the units digit of y(-8)?
1
Let r = -17 - -29. Suppose -4*h + 12 + r = 0. What is the units digit of h?
6
Let c(t) = t**3 + 8*t**2 + 5*t - 7. What is the units digit of c(-7)?
7
Let a = -115 + 222. What is the hundreds digit of a?
1
Suppose n = -4*n + 205. What is the tens digit of n?
4
Let g be (-65)/(-7) + (-12)/42. Suppose 0 = -4*d + 15 + g. What is the units digit of (8/10)/(d/15)?
2
What is the tens digit of -22*(18/(-4) + 3)?
3
Let d = -32 + 6. Let t = 76 + d. What is the units digit of t?
0
Let q = -167 + 436. What is the tens digit of q?
6
Let j be (5/(-15))/(2/(-18)). Suppose -3 = -l - z, 4*z = -3*l + j*z + 7. What is the units digit of l?
2
Suppose 5*p + 2*c - 4 = 0, -p - c = 2 - 1. Let f(v) = -2*v**3 - 2*v**3 + 2*v**3 - 8*v**2 - 11 - p*v + v**3. What is the units digit of f(-8)?
5
Suppose 0 = -2*d - 4*r + 536, 0 = -5*r + 4*r + 4. What is the tens digit of d?
6
Let x be 9/(-15) - (-8)/5. What is the units digit of 3 - (2/x - 2)?
3
Suppose 487 - 81 = 2*c. What is the units digit of c?
3
Let n(v) be the third derivative of -v**5/60 + v**4/12 + 2*v**3/3 - 3*v**2. Let l be n(3). Suppose l = m - 0. What is the units digit of m?
1
Let t(x) = -x - 1. Let u be t(-4). Let w(a) = a**2 - 3*a + 2. What is the units digit of w(u)?
2
Suppose -16*q + 800 = -12*q. What is the hundreds digit of q?
2
Let g = -25 - -27. What is the units digit of g?
2
Suppose 0 = -3*z + 3, z + 595 = -f + 5*f. What is the hundreds digit of f?
1
Suppose -2*v + 43 = -k + 1, -3*k + 72 = 3*v. What is the units digit of v?
2
Suppose -4*y = -8, 2*r + r + 5*y = 166. What is the units digit of r?
2
Let y(t) = t**3 - 4*t**2 + 4*t + 1. Let o be y(3). Suppose 3*j + 9 = -g, -3*j = o*g - 0*j. Suppose 4*n = g*n + 10. What is the tens digit of n?
1
Suppose 3*w + 5*n - 118 = -0*w, 5*n + 37 = 2*w. Suppose 0 = -2*d - 5*o + w, -11 = 4*d - 5*d + 2*o. What is the tens digit of d?
1
Suppose -2*g = -5*g + 120. Suppose 5*m + 0*m = g. What is the units digit of m?
8
Suppose 0 = -5*m - 0*m + 5. What is the units digit of m?
1
Let m be (-1)/((-1)/5*1). Suppose m*d - 40 = 5*f, -4*d = -9*d + 2*f + 46. What is the tens digit of d?
1
Let b be 2/17 + (-4400)/(-170). Suppose 3*z + 0*o - 4*o = b, 12 = 3*o. What is the units digit of z?
4
Let w = 18 - 10. What is the tens digit of (w - 6)*(-15)/(-2)?
1
Suppose -b = -4*b - 51. Let d = b - -24. Let v = -4 + d. What is the units digit of v?
3
What is the units digit of (2 - 5)*(-1)/3?
1
Let p = 412 + -246. What is the tens digit of p?
6
Suppose 0 = -5*n - 4*q - 5 + 19, n + 6 = -3*q. Suppose -2*l + n = -62. What is the tens digit of l?
3
Suppose 2*k = -4*w + 174, -3*w + 5*k = -w - 57. What is the tens digit of w?
4
Suppose 5*j - 3*b = 665, 0 = -5*j + b - 227 + 892. What is the hundreds digit of j?
1
Let o(h) = h**3 + 9*h**2 + h + 1. Let c be o(-8). Suppose 2*z + 5*n = -35, 0 = 3*z + z - 3*n + c. Let p = z - -22. What is the units digit of p?
7
What is the tens digit of (504/(-15))/((-6)/20)?
1
Let x = 30 - 17. What is the tens digit of x?
1
Let n = 0 + -1. Let o = n - -6. What is the units digit of o?
5
Let s(j) = -j - 6. Let t be s(-10). Let q = 11 + 4. Suppose -q - 25 = -t*c. What is the units digit of c?
0
Let k = 0 + 5. Suppose -k = 2*w - 13. What is the units digit of w?
4
Suppose 0 = -2*a + 4*u - 10, 3*a + u + 8 = -7. Let r = -3 - a. Suppose 3*o + r = 14. What is the units digit of o?
4
Let h(z) = 20*z - 8. What is the tens digit of h(3)?
5
Let z(c) = -12*c. Let i = 3 + -4. Let k be z(i). Let b = 25 - k. What is the tens digit of b?
1
Suppose -2*w + 4*w - t = 476, 4*w = -4*t + 952. What is the hundreds digit of w?
2
Suppose -v + 5 = 4*w + 4, 4 = 4*v - 5*w. Let j = v + -4. Let s = j + 16. What is the units digit of s?
3
Let r be (10/(-3))/((-2)/(-6)). Let n = r + 22. Let z = 20 - n. What is the units digit of z?
8
Suppose 45 = 3*y + 3*k, y = 5*k - 7 - 2. Let j be y*3 - (-1)/(-1). Suppose 4*r - 96 = -j. What is the units digit of r?
6
Let c(r) = r**2 + 4*r - 5. Let b be -11 + 2 + (-2 - -3). What is the units digit of c(b)?
7
Let m(y) = -y**2 - 10*y - 5. Let x(w) = -1. Let l(h) = -h - 4. Let i(d) = l(d) - 2*x(d). Let s be i(6). What is the tens digit of m(s)?
1
Suppose j + 2*w = -w + 3, -4*j + 3*w + 27 = 0. Let q be (-7 + 4)/((-3)/(-4)). Let n = q + j. What is the units digit of n?
2
Let o(q) = q**3 - 7*q**2 - 9*q + 8. Let v be o(8). Suppose 4*u - 6*f + 3*f - 50 = v, 0 = 3*f + 6. What is the units digit of u?
1
Let s(w) = -w + 2. Let c be s(-2). Let p be 0 - -2 - c/(-2). Suppose -p*m = -0*m - 28. What is the units digit of m?
7
Let i(c) = c - 5. Let u(p) be the second derivative of -p**3/3 + 2*p**2 + 3*p. Let x(d) = -3*i(d) - 2*u(d). What is the units digit of x(5)?
2
Suppose -17 = -3*a + 13. Suppose x - 2*x + a = 0. What is the units digit of x?
0
Suppose 0 = f + 22 - 50. What is the units digit of f?
8
Let s(a) = a - 2. Let u be s(-2). Let t = u - -6. Suppose t*b + 2*b - 16 = 0. What is the units digit of b?
4
Let q(s) = 4*s - 5. What is the tens digit of q(5)?
1
Let r = 521 - 270. What is the units digit of r?
1
Suppose 696 = 5*d - 2*d. What is the tens digit of d/10 + 1/(-5)?
2
Suppose 5*n + 4*h = 346, 0 = n + 3*h - 66 - 12. What is the tens digit of n?
6
Suppose 0 = 5*v + 2*b + 2*b, 0 = -2*v + b. Let o(n) = -n + 8 - 1 + 6. What is the tens digit of o(v)?
1
Let w(b) = 4*b - 3 - 1 + 2. Suppose -6 = -a - a. What is the units digit of w(a)?
0
Let q(j) be the third derivative of -j**5/60 + 3*j**3/2 - 3*j**2. What is the units digit of q(0)?
9
Suppose 2*g + 3*w + 3 = -3*g, g = 2*w - 11. Let s be 1/(-2)*(1 + g). Let t = s + 6. What is the units digit of t?
7
Suppose -m = -o - 4*m + 69, 0 = o - 4*m - 48. What is the tens digit of o?
6
Suppose -5 = p - 13. Let u be (5/(-2))/((-4)/(-8)). Let z = p + u. What is the units digit of z?
3
Let b = 56 + -31. What is the units digit of b?
5
Suppose -t = -0*t + l - 45, 5*t - 265 = 5*l. What is the units digit of t?
9
What is the units digit of (8/(-6))/((-4)/54)?
8
Let q(b) = b - 5. Let a = -12 - 6. Let c be (-112)/a + 2/(-9). What is the units digit of q(c)?
1
Suppose -3*y = -5*n + 43, -3*n - 5 = -5*y - 18. What is the units digit of n?
1
Suppose 27 = 5*f + 2. Suppose 2*m - 42 = -f*o - 17, -4*o = 5*m - 37. What is the units digit of m?
5
Suppose -2*k = 6, -6*m = -9*m - 3*k + 426. What is the tens digit of m?
4
Let u be 0 + 1 + (-2)/2. Suppose 4*d + 4*f - 16 = 0, u = -5*d - 3*f - 8 + 32. What is the units digit of d?
6
Let u = 62 + -53. What is the units digit of u?
9
Let g(s) = 3*s**3 + s**2 + 3. Let f(b) = 2*b**3 + 2*b**2 + 3. Let w(t) = 4*f(t) - 3*g(t). Suppose -2 = -a + 3. What is the units digit of w(a)?
3
Suppose -5*c + 49 = -6. Let n = c - 8. Suppose 0 = n*r + 9, 3*r = -d + 3*d - 13. What is the units digit of d?
2
Let u(m) be the second derivative of -m**2 - 2*m - m**3 - 1/12*m**4 + 0. What is the units digit of u(-5)?
3
Let c(l) = l**2. Let z be c(-1). Let b(o) = 0 - 1 + 8*o - 6*o + 5*o. What is the units digit of b(z)?
6
Suppose 0 = i + 3*i - 12. Suppose i*j - 5*p - 24 = -2*p, -j - 3*p + 16 = 0. What is the units digit of 3/(-18)*-3*j?
5
Let h = 23 + -15. What is the units digit of h?
8
Suppose 3*a - 20 = 4*b, 4*a + b - 18 = -4. What is the units digit of a?
4
Let u(g) = -g**3 + 6*g**2 - g - 2. Let y be u(6). Let v(p) = p**3 + 8*p**2 + p + 8. Let z be v(y). Suppose 2*x + z*x = 